-264)/42)/(2/w). Calculate the highest common factor of h and 88.
44
Suppose -45*x + 5*x = 8560. Let i = -194 - x. What is the highest common factor of 360 and i?
20
Suppose 2*n - 2*y = 983 - 4141, 4*n - 5*y = -6311. Let r be 2472/13 - (n/(-156) + -10). What is the highest common divisor of 266 and r?
38
Suppose 18*v = 14*v + 5*q + 3195, 4004 = 5*v + 4*q. What is the highest common divisor of v and 950?
50
Let d(q) = 16*q**2 - 14*q - 9. Let v be d(4). Suppose 5*y - v = -3*b, -4*b + 45 = -10*y + 11*y. Calculate the highest common factor of 1 and y.
1
Suppose -168 = -0*i - 4*i. Let x(a) = 7*a - 279. Let w be x(39). Let v = 12 + w. Calculate the highest common factor of v and i.
6
Suppose 0 = -r - 0*r - 3*a + 709, 5*r - 3587 = -a. Let n = 3514 - r. Let j be n/36 - (-1)/3. What is the highest common factor of 39 and j?
39
Let z(t) = -25*t + 1. Let y be z(-1). Suppose 5*j - 3*a - 3238 = 0, -31*a + 3246 = 5*j - 32*a. What is the greatest common factor of j and y?
26
Suppose -120*k + 25830 = 3*k. Calculate the highest common divisor of 3045 and k.
105
Let a = 286 - 299. Let i(x) = -4*x + 88. Let b be i(a). Calculate the highest common divisor of 40 and b.
20
Let w be (-628)/(-9) - 26/(-117). Suppose 0 = -58*o + 63*o - w. Let u = 17 - 3. Calculate the highest common divisor of o and u.
14
Let b = 2612 - 2547. Calculate the greatest common factor of 195 and b.
65
Suppose 2*z + 3*t - 110 = 0, 2*z + 31*t - 112 = 29*t. What is the greatest common divisor of 261 and z?
29
Let u(c) = c**3 - 8*c**2 + 54*c - 339. Let w be u(8). Calculate the highest common factor of w and 42.
3
Let h be (-28510)/(-36) + (-17 - (-4605)/270). Calculate the highest common factor of h and 22.
22
Let x = 3141 - 3085. Calculate the greatest common divisor of 1932 and x.
28
Let o = -13628 + 13793. Calculate the highest common divisor of 1782 and o.
33
Suppose 33*k = 31*k + 22. Let p be -7 + (-3 - -6) - 6. Let i be (-156)/p*(-1 + 5 + k). Calculate the highest common factor of 26 and i.
26
Suppose -2*u - 45 = -3*u + 5*h, -4*u + 4*h = -228. What is the greatest common divisor of 204 and u?
12
Suppose 2*p = a - 99, 3*a - 33 = 2*p + 72. Let d = p - -52. Let q(x) = 2*x**2 - 29*x + 78. Let u be q(12). Calculate the greatest common factor of d and u.
2
Let x be (723/(-12) - -1)/((-20)/80). Suppose 0 = -3*r + 3*n + 684, 0 = -2*r - n + 210 + x. What is the greatest common factor of r and 27?
9
Let h be ((-2)/(-2))/(-2)*(9 + 1). Let v be 13740/50 - 1/h. What is the greatest common factor of v and 25?
25
Let k = 83 + -458. Let z be (3 + 30/(-9))*k. What is the greatest common factor of 100 and z?
25
Suppose -56*s = 45*s - 1919. What is the highest common factor of 2261 and s?
19
Let y(t) = 523*t**2 + 111*t + 297. Let w be y(-3). What is the greatest common divisor of w and 135?
27
Suppose -3*a = -c - 2899, 0 = 4*a + 5*c - 6180 + 2264. What is the greatest common divisor of a and 228?
57
Let w(g) = -g**2 - 26*g - 21. Let c(d) = d**2 + 12*d + 11. Let r(m) = -5*c(m) - 3*w(m). Let s be r(6). Calculate the highest common factor of 132 and s.
44
Suppose 200*a - 198*a - 132 = 0. Let c(z) = -8*z + 231. Let f be c(0). Calculate the highest common factor of f and a.
33
Let t(f) = 13*f + 75. Let m(w) = w + 1. Let q(i) = -5*m(i) + t(i). Let y be q(0). What is the highest common factor of 20 and y?
10
Suppose 0 = 2*c - 0*c + q - 12, -32 = -4*c - 4*q. Suppose 1328 + 80 = c*k. What is the highest common factor of k and 22?
22
Let i = -82 - -134. Suppose -r = -133 + i. Let a be (12/(-8))/((-3)/108). Calculate the greatest common divisor of r and a.
27
Let l(v) = -v**3 + 7*v**2 + 82*v - 455. Let k be l(5). Calculate the highest common factor of 12945 and k.
5
Suppose 131*h - 127*h = -5*q + 12890, 5*h = q + 16156. What is the greatest common factor of h and 760?
190
Suppose -7*o + 5*o = -5*c - 149, 2*c = 4*o - 242. Calculate the greatest common divisor of o and 4484.
19
Let j(x) = -4*x + 2. Let c be j(-5). Let d(s) = -6*s - 74. Let q be d(-16). Let r be (14/(-28))/(-3 - -2)*q. Calculate the highest common divisor of c and r.
11
Let z = 35 + -416. Let b = -377 - z. Calculate the highest common divisor of 48 and b.
4
Let m = 7148 - -2090. What is the greatest common divisor of m and 62?
62
Suppose -4*k + k + d = -10, 5*k + 2*d - 24 = 0. Suppose m + k*q + 1 = 2, 4*m + 3*q = 30. Calculate the greatest common divisor of m and 9.
9
Suppose -6*u = 12*u - 2313 - 10539. Let z be 46 + 0 + (-1 - 3). What is the greatest common divisor of u and z?
42
Suppose 6*l - 9*l = -594. Suppose -9*b - 2*b - 2*b = -234. What is the highest common divisor of l and b?
18
Suppose -5*r = -4*y - 686, r - 2*y = -0*r + 142. Suppose -35*x = 118*x + 83*x + 23836. Let l = x + r. What is the highest common factor of l and 22?
11
Suppose 2*z = 3*i - 16, -5*i - 98*z = -93*z - 10. What is the highest common factor of 1028 and i?
4
Let p = -160 - -1059. Let v = p - 454. Calculate the highest common divisor of 5 and v.
5
Let g(p) = -15*p + 101. Let z be g(-23). Let r = z + -394. Calculate the highest common divisor of 8 and r.
4
Let u be 31/((-4 - -6)/2). Let r be (-4 - u)*(-6 + -1). What is the greatest common factor of r and 35?
35
Let w = -101 - -57. Let i = -47 - w. Let c = i + 12. What is the highest common divisor of c and 1?
1
Suppose 28*p + 64*p - 63118 + 12334 = 0. What is the greatest common factor of p and 5589?
69
Let d = 870 + -905. Suppose 3*s = -2*o + o + 256, 167 = 2*s - 3*o. Let i = s + d. Calculate the greatest common divisor of 30 and i.
10
Let m(g) = g**3 - 4*g**2 + 59*g - 552. Let h be m(8). What is the greatest common factor of h and 1441?
11
Let z(y) = -18*y - 36. Let u be z(-3). Suppose -u*b - 1292 = -56*b. What is the highest common factor of b and 187?
17
Suppose -30 - 642 = -16*z. Let w = -5 + 11. Let v(m) = m**3 - 5*m**2 - 3*m - 4. Let k be v(w). Calculate the highest common divisor of z and k.
14
Let y be (2 + 40)/(2/3)*(-188)/(-12). Calculate the highest common divisor of 42 and y.
21
Let b be (672 - 10*1/(-2)) + -4. Let s = b + -361. Calculate the highest common divisor of s and 6.
6
Let q(t) = 6*t**2 + 113*t + 255. Let a be q(-50). What is the greatest common factor of a and 85?
85
Suppose -a - 8679 = -3*b, 2*b + 3243 = -5*a + 9063. What is the greatest common divisor of b and 15?
15
Let j(n) = n**2 + 18*n + 106. Let g be 15/(-6)*28/7. Let b be j(g). Calculate the greatest common divisor of b and 2.
2
Suppose -p - 7 = 4*q, p + 4*q + 18 = -p. Let g be 4 + p - (-7 - -3). Let r(h) = h**2 - 4. Let f be r(g). What is the highest common divisor of 40 and f?
5
Let d = 8848 + -8712. Calculate the greatest common factor of 6086 and d.
34
Let s be ((-14)/6)/(41558/2772 - 15). Calculate the greatest common divisor of s and 3430.
98
Suppose -16*h - 864 = 2*h. Let r = h - -77. What is the highest common factor of 29 and r?
29
Let r be 1290/12 - ((-36)/56 + 3/21). Calculate the highest common factor of r and 288.
36
Suppose -19*a + 29*a - 110*a + 6000 = 0. What is the highest common divisor of 52 and a?
4
Let m(i) = -i**3 - i - 1. Let x(t) = 6*t**3 + 2*t**2 + 3*t + 17. Let v(z) = -5*m(z) - x(z). Let f be v(-4). What is the highest common divisor of 20 and f?
4
Let y(m) = m**3 + 6*m**2 - 57*m + 10. Let k be y(-13). Let r be k/(-10) + 5 - (-8)/(-40). Calculate the highest common divisor of r and 456.
24
Let m = 4163 + -4158. Calculate the greatest common factor of 1840 and m.
5
Suppose -3*y - 5*t + 3 = -16, -3*y - 4*t + 14 = 0. Let n be (-2)/(((-8888)/2220 - y) + 2). Calculate the greatest common divisor of n and 37.
37
Let l be 2/1 - (-29 - -1). Let b(z) = -17700*z + 177195. Let a be b(10). Calculate the highest common factor of l and a.
15
Let g(i) = -7*i**2 + i**3 + 16 - 13*i + 5*i**2 - 9*i**2. Let t be g(12). Suppose -5*o + 6*o + l = 34, t = l. What is the greatest common factor of 12 and o?
6
Suppose 2*b + 4069 = 2*f + 539, -4*f - 4*b = -7108. Calculate the highest common divisor of 6831 and f.
253
Let g(h) = 132*h**2 - h. Let o be g(-1). Let d be ((-48)/72)/(2/(-9)). Suppose -d*v = -o - 245. What is the greatest common divisor of 18 and v?
18
Suppose 52*k - 216 = 46*k. Let g(a) = a**3 + 2*a**2 + 6*a - 7. Let p be g(5). What is the highest common divisor of p and k?
18
Let l(g) = g**2 - 49*g - 1189. Let t be l(67). Let n be (